468235
In base 2, what is -1001010010011011011001 + -1110011?
-1001010010011101001100
In base 10, what is 948462452 - 3?
948462449
In base 6, what is -13 + -5252012352?
-5252012405
In base 13, what is -9ab3b - -484?
-9a687
In base 2, what is 1111111110000001 + 101010111?
10000000011011000
In base 13, what is -b721 - 66?
-b787
In base 6, what is 33120 - -2415?
35535
In base 13, what is 48a1 + -916?
3c88
In base 12, what is 5 - -17041724?
17041729
In base 4, what is -30322220 - -32131?
-30230023
In base 7, what is -114255 - 355?
-114643
In base 15, what is 17c56 - -124?
17d7a
In base 10, what is 15021 + -1038?
13983
In base 8, what is -76537345 + -2?
-76537347
In base 3, what is 10020212022021 + 2?
10020212022100
In base 12, what is 38b3437 - 3?
38b3434
In base 13, what is 1aa - -83886?
83a63
In base 14, what is -7386312 + 4?
-738630c
In base 15, what is -1ceab52 + 8?
-1ceab49
In base 4, what is -3232020002 - -12?
-3232013330
In base 5, what is -1024 + 1241?
212
In base 9, what is 3 + 18464784?
18464787
In base 9, what is -3140 - 834052?
-837202
In base 5, what is -23234131144 - -3?
-23234131141
In base 13, what is 7c + -29aa?
-292b
In base 6, what is 41541 - 132122?
-50141
In base 11, what is -2692 + -72a?
-3311
In base 14, what is -896 - b31?
-15c7
In base 3, what is -2102 - 22221210212?
-22221220021
In base 16, what is -1b + 904cdb?
904cc0
In base 9, what is -56234110 - -4?
-56234105
In base 16, what is -2393e - e2?
-23a20
In base 6, what is -11 - 14032032051?
-14032032102
In base 13, what is 1010c2 + 16?
101108
In base 10, what is -40 + 121298?
121258
In base 13, what is 55 + -abb7c?
-abb27
In base 4, what is -11123303233023 + 0?
-11123303233023
In base 5, what is 13142024 - 30?
13141444
In base 8, what is -4577071 - -11?
-4577060
In base 2, what is 1000000100100001001 - 10101?
1000000100011110100
In base 3, what is 10201011222 + -21110000?
10102201222
In base 2, what is 10001001010101100 + 111010?
10001001011100110
In base 11, what is 12140 + 3930?
15a70
In base 5, what is -3 - 1310040414?
-1310040422
In base 3, what is 1012102 - -22000021?
100012200
In base 5, what is -302323113 + 202?
-302322411
In base 16, what is -74adf - 2?
-74ae1
In base 6, what is 4345 - 2132345?
-2124000
In base 12, what is -52296 - -9b?
-521b7
In base 5, what is -10 - 21112423304?
-21112423314
In base 13, what is 2 - 9875913?
-9875911
In base 8, what is 1040335 + -172?
1040143
In base 15, what is 2106d - -127?
21195
In base 10, what is 39 + 422083?
422122
In base 5, what is 23324342 - 213?
23324124
In base 4, what is -1031112322013 - 3?
-1031112322022
In base 10, what is -294772 + 192?
-294580
In base 4, what is -102212201 + 1103?
-102211032
In base 2, what is -1000 - -10000101000000111011110?
10000101000000111010110
In base 9, what is 5887 + -6082?
-84
In base 15, what is 45d + 20bec?
2115a
In base 2, what is 1000010100010110011 - 10010?
1000010100010100001
In base 3, what is 100 + 1222202000?
1222202100
In base 10, what is 4371776 + 0?
4371776
In base 16, what is -2 - 1b002?
-1b004
In base 16, what is 4c7eac - 2?
4c7eaa
In base 4, what is 120322 - 1331230?
-1210302
In base 15, what is -52 + -6e5454?
-6e54a6
In base 8, what is 23 - 333201625?
-333201602
In base 13, what is -8059 - -4727?
-3632
In base 6, what is 115011435223 + 2?
115011435225
In base 3, what is -1211 - -1001211101?
1001202120
In base 7, what is -1026041150 + -23?
-1026041203
In base 5, what is 3 - 1101314421113?
-1101314421110
In base 8, what is -31715 - -543?
-31152
In base 5, what is -12142 - 110342?
-123034
In base 11, what is -1502830 - -4?
-1502827
In base 3, what is 0 + -201102022021?
-201102022021
In base 14, what is 7 - 2081c47?
-2081c40
In base 9, what is -1 + 34265750?
34265748
In base 12, what is -495585 - 35?
-4955ba
In base 9, what is 110 - 436654?
-436544
In base 8, what is 5655 - -150003?
155660
In base 9, what is 2301638 - 155?
2301473
In base 9, what is -4 - -12716040?
12716035
In base 3, what is 0 - 1112111001001200?
-1112111001001200
In base 6, what is 3303305 + -1534?
3301331
In base 3, what is -102 + 1020111221212?
1020111221110
In base 14, what is -79dc3 + 1d0?
-79bd3
In base 6, what is -143 + 30133050?
30132503
In base 14, what is -4 - -264780?
26477a
In base 13, what is -9c9c610 + -4?
-9c9c614
In base 7, what is -2360440 - 23?
-2360463
In base 13, what is 5508 + 66?
5571
In base 14, what is -1a565 + 84?
-1a4c1
In base 11, what is 14a3a9881 + 4?
14a3a9885
In base 7, what is -20231 - -3422?
-13506
In base 4, what is 300201032 + -102?
300200330
In base 9, what is -7276711 - 5?
-7276716
In base 2, what is -1 - 110101100101111011100?
-110101100101111011101
In base 6, what is -4 + 53244131?
53244123
In base 5, what is -14004033132 + 3?
-14004033124
In base 6, what is -2112140 - -5222?
-2102514
In base 15, what is 4 - c3441?
-c343c
In base 5, what is 2 + 43134330244?
43134330301
In base 8, what is -104763122 + 2?
-104763120
In base 16, what is 7 - bdc2?
-bdbb
In base 13, what is 1aa5 + -1822?
283
In base 2, what is 100011010011110000010 - -100001?
100011010011110100011
In base 8, what is 1136242050 + -10?
1136242040
In base 10, what is -3 - 6688702?
-6688705
In base 13, what is -13ccc + 9a6?
-13326
In base 6, what is -32231325405 + 1?
-32231325404
In base 7, what is 2521344 - 34?
2521310
In base 13, what is -17 - 1211a?
-12134
In base 5, what is 2 - -10314302?
10314304
In base 13, what is -76 - 49250?
-492c6
In base 10, what is -9885 + 3328?
-6557
In base 8, what is -5521 + 36423?
30702
In base 3, what is 202 - -1212112122110?
1212112200012
In base 3, what is -10 - -21022112101121010?
21022112101121000
In base 16, what is -468dc2d + -3?
-468dc30
In base 12, what is -11 - -3327ba9?
3327b98
In base 16, what is 4be896c + -2?
4be896a
In base 10, what is -4 - 229059?
-229063
In base 2, what is -100001111000001 + 100011111001100?
10000001011
In base 2, what is 11100100010111101100 - 110010011?
11100100010001011001
In base 16, what is -427e - -1af7?
-2787
In base 8, what is -32 - -2161155?
2161123
In base 2, what is 100010111111000 + 11001000010?
100110000111010
In base 3, what is 0 - -11110010122021101?
11110010122021101
In base 12, what is 19b - -92227?
92406
In base 10, what is -33186366 - 1?
-33186367
In base 16, what is -77a7f - -2?
-77a7d
In base 9, what is -511857 + 228?
-511628
In base 8, what is 1667212 - -1073?
1670305
In base 3, what is -20022112212102122 - 11?
-20022112212102210
In base 10, what is -11624 + 1278?
-10346
In base 5, what is -3 - -20113124100?
20113124042
In base 16, what is 84bac - 45?
84b67
In base 5, what is -143342404 - -10?
-143342344
In base 3, what is 0 + -111211110220102112?
-111211110220102112
In base 5, what is 10 - -24424001341?
24424001401
In base 4, what is 111000 + -201110311?
-200333311
In base 14, what is 6 + -7b734?
-7b72c
In base 12, what is -27a7205 - -2?
-27a7203
In base 9, what is 63705 + -10082?
53613
In base 5, what is -10 - -1002212421?
1002212411
In base 11, what is -3 - -23202323?
23202320
In base 10, what is -114274 + 836?
-113438
In base 14, what is -153493 - -3?
-153490
In base 7, what is -663446 - -40265?
-623151
In base 11, what is -300439a - -60?
-300433a
In base 8, what is -13361546 - -7?
-13361537
In base 14, what is 26755 - b7d?
259b6
In base 16, what is 16a58b8 - 6?
16a58b2
In base 2, what is 1000110001011110100001100 + -101?
1000110001011110100000111
In base 12, what is 3782a4 + 4b?
378333
In base 4, what is -321202000223 - 11?
-321202000300
In base 8, what is 2121251 + -1115?
2120134
In base 6, what is -3 + 10130405522?
10130405515
In base 7, what is 300426506 - -3?
300426512
In base 5, what is -12211422 + -21030?
-12233002
In base 7, what is -2416636 + 10203?
-2406433
In base 11, what is 0 - a698071?
-a698071
In base 15, what is -3004 - 590?
-3594
In base 7, what is -40 - 42525224?
-42525264
In base 13, what is -568694 + -a8?
-56876c
In base 4, what is 101221212301 - 321?
101221211320
In base 12, what is 6 - a96?
-a90
In base 16, what is c1af - 7c2?
b9ed
In base 7, what is 161 - -31013?
31204
In base 9, what is -8 - 2186004?
-2186013
In base 15, what is a9a5 + -151?
a854
In base 11, what is -236 - -33a07?
33781
In base 16, what is 726 + -fb4?
-88e
In base 7, what is -40162535 + -31?
-40162566
In base 4, what is -111303